{"id":59784,"date":"2012-10-05T15:16:00","date_gmt":"2012-10-05T13:16:00","guid":{"rendered":"http:\/\/www.trevisanintimo.com\/?post_type=product&#038;p=59784"},"modified":"2012-11-04T00:09:07","modified_gmt":"2012-11-03T22:09:07","slug":"musa-set","status":"publish","type":"product","link":"https:\/\/trevisanintimo.it\/?product=musa-set","title":{"rendered":"MUSA SET"},"content":{"rendered":"<p>Sexy set per donne audaci: l&#8217;originale reggiseno aperto incornicer\u00e0 il vostro d\u00e9collet\u00e9 lasciando poco spazio all&#8217;immaginazione. Il perizoma con doppia stringa si abbina perfettamente al reggiseno creando un coordinato davvero unico.<\/p>\n","protected":false},"excerpt":{"rendered":"<p>Sexy set per donne audaci: l&#8217;originale reggiseno aperto incornicer\u00e0 il vostro d\u00e9collet\u00e9 lasciando poco spazio all&#8217;immaginazione. Il perizoma con doppia stringa si abbina perfettamente al reggiseno creando un coordinato davvero unico.<\/p>\n","protected":false},"featured_media":59786,"template":"","meta":{"spay_email":"","jetpack_publicize_message":"","jetpack_is_tweetstorm":false},"jetpack_publicize_connections":[],"jetpack_sharing_enabled":true,"_links":{"self":[{"href":"https:\/\/trevisanintimo.it\/index.php?rest_route=\/wp\/v2\/product\/59784"}],"collection":[{"href":"https:\/\/trevisanintimo.it\/index.php?rest_route=\/wp\/v2\/product"}],"about":[{"href":"https:\/\/trevisanintimo.it\/index.php?rest_route=\/wp\/v2\/types\/product"}],"wp:featuredmedia":[{"embeddable":true,"href":"https:\/\/trevisanintimo.it\/index.php?rest_route=\/wp\/v2\/media\/59786"}],"wp:attachment":[{"href":"https:\/\/trevisanintimo.it\/index.php?rest_route=%2Fwp%2Fv2%2Fmedia&parent=59784"}],"curies":[{"name":"wp","href":"https:\/\/api.w.org\/{rel}","templated":true}]}}